{"id":288,"date":"2026-02-23T10:15:50","date_gmt":"2026-02-23T09:15:50","guid":{"rendered":"https:\/\/eigbg-control.de\/?page_id=288"},"modified":"2026-04-01T17:04:12","modified_gmt":"2026-04-01T15:04:12","slug":"am-co-controlling","status":"publish","type":"page","link":"https:\/\/eigbg-control.de\/?page_id=288","title":{"rendered":"CO &#8211; Controlling"},"content":{"rendered":"\n<p>Hierbei handelt es sich um das zentrale Module welches die wesentlichen Informationen beherbergt und an das optional alle anderen Publikumsmodule &#8222;berichten&#8220;. Es ist das <strong>zentrale Herzst\u00fcck <\/strong>des Programmsystems und an dieser Stelle soll zun\u00e4chst nur ein erster unvollst\u00e4ndiger Eindruck vermittelt werden. Die Akteure beginnen i. d. R. hier mit dem Aufbau, den \u00dcbernahmen und den ersten Auswertungen. Es ist der Platz, an dem man sich ein Gef\u00fchl f\u00fcr die Technologie schaffen kann.<\/p>\n\n\n\n<p>Da jede gute Planung nat\u00fcrlich von einem einen R\u00fcckblick auf die vergangenen Jahre ausgeht, besteht in der \u00dcbernahme dieser Werte in einem Atemzug mit der \u00dcbernahme der Konten und Kostenstellen eine erste wesentliche Voraussetzung f\u00fcr die Nutzung. F\u00fcr die vergangenen und das laufende Jahr spiegeln wir in CO jeweils die saldierten Monatswerte der Kostenrechnung. Dies geschieht auf der untersten Ebene des Moduls, die wir die <strong>Konto-Kostenstelle <\/strong>&#8211; Ebene nennen &#8211; den Anteil einer Kostenstelle unter einem Konto.<\/p>\n\n\n\n<p>Interessant ist neben dem flexiblen Zeitraum der R\u00fcck- und der Vorschau eine parallele Betrachtung von verschiedenen Werten. Es gibt f\u00fcr jedes Objekt der o. g. Ebene zun\u00e4chst einen beschlossenen und einen entworfenen <strong>Planwert<\/strong>. F\u00fcr das aktuelle und die unmittelbaren Vorjahre gibt es optional voraussichtliche Istwerte (<strong>V-Ist- Werte<\/strong>) in gesetzter und \/ oder gerechneter Form. Letztlich gibt es noch die auf Monatsebene einzeln \u00fcbernommenen <strong>Istwerte <\/strong>mit den auf Quartals- oder Jahresebene darstellbaren Summen.<\/p>\n\n\n\n<p>In Ausbaustufen k\u00f6nnen Jahresscheiben zusammengefasst archiviert und parallel sichtbar gemacht werden. Dies ist insbesondere f\u00fcr Nachkalkulationen unerl\u00e4sslich, da nur so die zum Zeitpunkt der Vorkalkulation ber\u00fccksichtigten Planwerte erhalten bleiben. Ebenfalls den Ausbaustufen vorbehalten sind <strong>quartalsweise <\/strong>parallel speicherbare V-Ist &#8211; Werte um die Entwicklung nachzuhalten.<\/p>\n\n\n\n<p>Neben dem in der Praxis bevorzugten Blick auf den mittels Kontengruppen selbst gestalteten Kontenbaum, wird parallel auch die gespiegelte Verwaltung der Kostenstellen mit den untergeordneten Anteilen der Konten angeboten. So kann abwechselnd der der jeweiligen Situation am besten entsprechende Blick gew\u00e4hlt werden.<\/p>\n\n\n\n<p><\/p>\n\n\n\n<p>Da sich sowohl die reine Konten- als auch die reine Kostenstellenebene in der Praxis nicht optimal f\u00fcr eine authentische Planung eignet, k\u00f6nnen optional auf der Grundlage von geb\u00fcndelten Konto-Kostenstellen &#8211; Anteile die <strong>Budgets <\/strong>definiert werden. Erst diese widerspiegeln jeweils einen tats\u00e4chlich vollumf\u00e4nglich von den Abteilungen zu verantwortenden Planungsgegenstand &#8211; haben daher den h\u00f6chsten Grad der Identifikation. und damit einen hohe Wahrscheinlichkeit der Mitwirkung.<\/p>\n\n\n\n<p>Mit Hilfe eines sogenannten <strong>Assistenten <\/strong>(siehe <em>Abschnitt AUFBAU &#8211; Assistent<\/em>) kann der Anwendende in Abh\u00e4ngigkeit von dem aktuell im Baum markierten Objekt eine &#8211; mit der Tabellenkalkulation nicht gleichzeitig darstellbaren Zahlenraum betrachten.<\/p>\n","protected":false},"excerpt":{"rendered":"<p>Hierbei handelt es sich um das zentrale Module welches die wesentlichen Informationen beherbergt und an das optional alle anderen Publikumsmodule [&hellip;]<\/p>\n","protected":false},"author":1,"featured_media":0,"parent":0,"menu_order":0,"comment_status":"closed","ping_status":"closed","template":"","meta":{"site-sidebar-layout":"default","site-content-layout":"","ast-site-content-layout":"default","site-content-style":"default","site-sidebar-style":"default","ast-global-header-display":"","ast-banner-title-visibility":"","ast-main-header-display":"","ast-hfb-above-header-display":"","ast-hfb-below-header-display":"","ast-hfb-mobile-header-display":"","site-post-title":"","ast-breadcrumbs-content":"","ast-featured-img":"","footer-sml-layout":"","ast-disable-related-posts":"","theme-transparent-header-meta":"","adv-header-id-meta":"","stick-header-meta":"","header-above-stick-meta":"","header-main-stick-meta":"","header-below-stick-meta":"","astra-migrate-meta-layouts":"default","ast-page-background-enabled":"default","ast-page-background-meta":{"desktop":{"background-color":"var(--ast-global-color-5)","background-image":"","background-repeat":"repeat","background-position":"center center","background-size":"auto","background-attachment":"scroll","background-type":"","background-media":"","overlay-type":"","overlay-color":"","overlay-opacity":"","overlay-gradient":""},"tablet":{"background-color":"","background-image":"","background-repeat":"repeat","background-position":"center center","background-size":"auto","background-attachment":"scroll","background-type":"","background-media":"","overlay-type":"","overlay-color":"","overlay-opacity":"","overlay-gradient":""},"mobile":{"background-color":"","background-image":"","background-repeat":"repeat","background-position":"center center","background-size":"auto","background-attachment":"scroll","background-type":"","background-media":"","overlay-type":"","overlay-color":"","overlay-opacity":"","overlay-gradient":""}},"ast-content-background-meta":{"desktop":{"background-color":"var(--ast-global-color-4)","background-image":"","background-repeat":"repeat","background-position":"center center","background-size":"auto","background-attachment":"scroll","background-type":"","background-media":"","overlay-type":"","overlay-color":"","overlay-opacity":"","overlay-gradient":""},"tablet":{"background-color":"var(--ast-global-color-4)","background-image":"","background-repeat":"repeat","background-position":"center center","background-size":"auto","background-attachment":"scroll","background-type":"","background-media":"","overlay-type":"","overlay-color":"","overlay-opacity":"","overlay-gradient":""},"mobile":{"background-color":"var(--ast-global-color-4)","background-image":"","background-repeat":"repeat","background-position":"center center","background-size":"auto","background-attachment":"scroll","background-type":"","background-media":"","overlay-type":"","overlay-color":"","overlay-opacity":"","overlay-gradient":""}},"footnotes":""},"class_list":["post-288","page","type-page","status-publish","hentry"],"_links":{"self":[{"href":"https:\/\/eigbg-control.de\/index.php?rest_route=\/wp\/v2\/pages\/288","targetHints":{"allow":["GET"]}}],"collection":[{"href":"https:\/\/eigbg-control.de\/index.php?rest_route=\/wp\/v2\/pages"}],"about":[{"href":"https:\/\/eigbg-control.de\/index.php?rest_route=\/wp\/v2\/types\/page"}],"author":[{"embeddable":true,"href":"https:\/\/eigbg-control.de\/index.php?rest_route=\/wp\/v2\/users\/1"}],"replies":[{"embeddable":true,"href":"https:\/\/eigbg-control.de\/index.php?rest_route=%2Fwp%2Fv2%2Fcomments&post=288"}],"version-history":[{"count":6,"href":"https:\/\/eigbg-control.de\/index.php?rest_route=\/wp\/v2\/pages\/288\/revisions"}],"predecessor-version":[{"id":701,"href":"https:\/\/eigbg-control.de\/index.php?rest_route=\/wp\/v2\/pages\/288\/revisions\/701"}],"wp:attachment":[{"href":"https:\/\/eigbg-control.de\/index.php?rest_route=%2Fwp%2Fv2%2Fmedia&parent=288"}],"curies":[{"name":"wp","href":"https:\/\/api.w.org\/{rel}","templated":true}]}}