{"id":286,"date":"2026-02-23T10:15:08","date_gmt":"2026-02-23T09:15:08","guid":{"rendered":"https:\/\/eigbg-control.de\/?page_id=286"},"modified":"2026-04-01T15:54:14","modified_gmt":"2026-04-01T13:54:14","slug":"am-en-einstellungen","status":"publish","type":"page","link":"https:\/\/eigbg-control.de\/?page_id=286","title":{"rendered":"EN &#8211; Einstellungen"},"content":{"rendered":"\n<p>Ein wesentlicher funktionaler Bestandteil der gesamten Technologie ist die getrennte Verwaltung von Daten im Sinne von Werten und Auswertungen im Sinne von Berichten. Ein fundamentaler Unterschied zur Tabellenkalkulation.  In <em>Einstellungen <\/em>kann eine unbegrenzte Anzahl allgemein nutzbarer aber auch hochspezialisierter <strong>Berichtarten<\/strong> im Sinne von Datenbankabfragen &#8211; eigenst\u00e4ndig definiert oder vorhandenen modifiziert werden. Nur hier werden die Anzahl und Art der sp\u00e4teren Spalten im Bericht &#8211; <strong>Berichtartpositionen <\/strong>&#8211; sowie deren \u00dcberschriften definiert. Durch die Separierung dieser Definition werden deren Erstellung und Verwaltung wiederum nur einem autorisierten Anteil an Benutzern vollumf\u00e4nglich zug\u00e4nglich gemacht. Die Benutzer der Berichte wundern sich \u00fcber die prozessgenaue Umsetzung von Auswertungen und empfinden die Verf\u00fcgbarkeit als unver\u00e4nderbaren Bestandteil der Technologie. Die Individualit\u00e4t und die Umsetzung, die sie aus der Tabellenkalkulation kennen, bekommen sie hier im Idealfall als Einstieg in eine neue Welt. <\/p>\n\n\n\n<p>Notwendigkeit f\u00fcr diese Anpassungsf\u00e4higkeit war und ist es, auf ge\u00e4nderte Anforderungen oder Erweiterungen hinsichtlich des Berichtswesens <strong>zentral<\/strong>, <strong>strukturiert ,<\/strong> <strong>transparent <\/strong>und <strong>eigenst\u00e4ndig <\/strong>reagieren zu k\u00f6nnen. Abgesehen davon wird, wie ebenfalls bereits an anderer Stelle erw\u00e4hnt, hiermit auch die Benutzeroberfl\u00e4che entlastet. F\u00fcr branchen\u00fcbergreifende Themen mit l\u00e4nder\u00fcbergreifender Relevanz k\u00f6nnen die Datenbanken in <em>Einstellungen <\/em>bereits zahlreiche Berichtarten enthalten. U. a. durch die thematische Gruppierung der Berichtarten bietet sich eine <strong>\u00fcbersichtliche Verwaltung<\/strong>, verbunden mit Operationen zur komfortablen Anpassung und Erweiterung.<\/p>\n\n\n\n<p>Berichtarten k\u00f6nnen zudem einzeln oder gruppiert aus der eigenen Datenbank exportiert, aus zentralen Downloadbereichen oder aus anderen Datenbanken \u00fcbernommen werden. Insofern besteht sowohl die M\u00f6glichkeit sich aus einer Auswahl zu bedienen, als auch eigene Bestandteile hinzuzuf\u00fcgen. Nat\u00fcrlich k\u00f6nnen \u00fcbernommene Bestandteile hier beliebig modifiziert werden.<\/p>\n\n\n\n<p>Ein zweiter Funktionsblock von <em>Einstellungen<\/em> besteht darin, die in der Regel allgemeing\u00fcltigen Information- bzw. Objektstrukturen f\u00fcr <em>Anlagen<\/em>, und <em>Investition<\/em> aus der <em>Bibliothek<\/em> zentral mit den <strong>individuellen Anforderungen <\/strong>(Konstanten, Formeln, &#8230;) zu untersetzen. Auf diese Weise ist gesichert, dass die jeweiligen Objekte durchweg <strong>einheitlich <\/strong>behandelt werden. Die eigenst\u00e4ndige Anpassung an ge\u00e4nderte Bed\u00fcrfnisse ist fester Bestandteil der Technologie. Zudem sind die jeweiligen Vereinbarungen hier transparent und verst\u00e4ndlich einsehbar.<\/p>\n\n\n\n<p><\/p>\n","protected":false},"excerpt":{"rendered":"<p>Ein wesentlicher funktionaler Bestandteil der gesamten Technologie ist die getrennte Verwaltung von Daten im Sinne von Werten und Auswertungen im [&hellip;]<\/p>\n","protected":false},"author":1,"featured_media":0,"parent":0,"menu_order":0,"comment_status":"closed","ping_status":"closed","template":"","meta":{"site-sidebar-layout":"default","site-content-layout":"","ast-site-content-layout":"default","site-content-style":"default","site-sidebar-style":"default","ast-global-header-display":"","ast-banner-title-visibility":"","ast-main-header-display":"","ast-hfb-above-header-display":"","ast-hfb-below-header-display":"","ast-hfb-mobile-header-display":"","site-post-title":"","ast-breadcrumbs-content":"","ast-featured-img":"","footer-sml-layout":"","ast-disable-related-posts":"","theme-transparent-header-meta":"","adv-header-id-meta":"","stick-header-meta":"","header-above-stick-meta":"","header-main-stick-meta":"","header-below-stick-meta":"","astra-migrate-meta-layouts":"default","ast-page-background-enabled":"default","ast-page-background-meta":{"desktop":{"background-color":"var(--ast-global-color-5)","background-image":"","background-repeat":"repeat","background-position":"center center","background-size":"auto","background-attachment":"scroll","background-type":"","background-media":"","overlay-type":"","overlay-color":"","overlay-opacity":"","overlay-gradient":""},"tablet":{"background-color":"","background-image":"","background-repeat":"repeat","background-position":"center center","background-size":"auto","background-attachment":"scroll","background-type":"","background-media":"","overlay-type":"","overlay-color":"","overlay-opacity":"","overlay-gradient":""},"mobile":{"background-color":"","background-image":"","background-repeat":"repeat","background-position":"center center","background-size":"auto","background-attachment":"scroll","background-type":"","background-media":"","overlay-type":"","overlay-color":"","overlay-opacity":"","overlay-gradient":""}},"ast-content-background-meta":{"desktop":{"background-color":"var(--ast-global-color-4)","background-image":"","background-repeat":"repeat","background-position":"center center","background-size":"auto","background-attachment":"scroll","background-type":"","background-media":"","overlay-type":"","overlay-color":"","overlay-opacity":"","overlay-gradient":""},"tablet":{"background-color":"var(--ast-global-color-4)","background-image":"","background-repeat":"repeat","background-position":"center center","background-size":"auto","background-attachment":"scroll","background-type":"","background-media":"","overlay-type":"","overlay-color":"","overlay-opacity":"","overlay-gradient":""},"mobile":{"background-color":"var(--ast-global-color-4)","background-image":"","background-repeat":"repeat","background-position":"center center","background-size":"auto","background-attachment":"scroll","background-type":"","background-media":"","overlay-type":"","overlay-color":"","overlay-opacity":"","overlay-gradient":""}},"footnotes":""},"class_list":["post-286","page","type-page","status-publish","hentry"],"_links":{"self":[{"href":"https:\/\/eigbg-control.de\/index.php?rest_route=\/wp\/v2\/pages\/286","targetHints":{"allow":["GET"]}}],"collection":[{"href":"https:\/\/eigbg-control.de\/index.php?rest_route=\/wp\/v2\/pages"}],"about":[{"href":"https:\/\/eigbg-control.de\/index.php?rest_route=\/wp\/v2\/types\/page"}],"author":[{"embeddable":true,"href":"https:\/\/eigbg-control.de\/index.php?rest_route=\/wp\/v2\/users\/1"}],"replies":[{"embeddable":true,"href":"https:\/\/eigbg-control.de\/index.php?rest_route=%2Fwp%2Fv2%2Fcomments&post=286"}],"version-history":[{"count":7,"href":"https:\/\/eigbg-control.de\/index.php?rest_route=\/wp\/v2\/pages\/286\/revisions"}],"predecessor-version":[{"id":699,"href":"https:\/\/eigbg-control.de\/index.php?rest_route=\/wp\/v2\/pages\/286\/revisions\/699"}],"wp:attachment":[{"href":"https:\/\/eigbg-control.de\/index.php?rest_route=%2Fwp%2Fv2%2Fmedia&parent=286"}],"curies":[{"name":"wp","href":"https:\/\/api.w.org\/{rel}","templated":true}]}}