{"id":174,"date":"2026-02-20T11:15:12","date_gmt":"2026-02-20T10:15:12","guid":{"rendered":"https:\/\/eigbg-control.de\/?page_id=174"},"modified":"2026-03-05T08:55:37","modified_gmt":"2026-03-05T07:55:37","slug":"kontakt","status":"publish","type":"page","link":"https:\/\/eigbg-control.de\/?page_id=174","title":{"rendered":"Kontakt"},"content":{"rendered":"\n<p>Grunds\u00e4tzlich ist der intensive Austausch mit unseren Anwendern eine wesentliche S\u00e4ule f\u00fcr die stetige Verbesserung und Erweiterung. Da f\u00fcr uns die praktische Nutzbarkeit an h\u00f6chster Stelle steht, sind wir f\u00fcr jeden Hinweis, jede Idee oder \u00dcberlegung dankbar.<\/p>\n\n\n\n<p>Um Ihrem Anliegen m\u00f6glichst exakt zu entsprechen, ben\u00f6tigen wir eine detaillierte Beschreibung und gegebenenfalls Beispiele. Falls wir das Anliegen nicht ausreichend nachvollziehen k\u00f6nnen, gestatten wir uns R\u00fcckfragen.<\/p>\n\n\n\n<p>Ist das Anliegen umfassender Art, ist es unter Umst\u00e4nden unumg\u00e4nglich Ihre Datenbank mit einzubeziehen. Gehen Sie davon aus, das es uns immer ein dringendes Anliegen ist Ihre Hinweisen nachzukommen. Dies ist jedoch nicht selten verbunden mit einem Zugriff auf Ihre Daten. Nur wenn Sie dies in Betracht ziehen, k\u00f6nnen wir Ihnen abschlie\u00dfend helfen.<\/p>\n\n\n\n<p>Richten Sie Ihre Anfrage, Hinweise und Meldungen bitte an unsere folgende Mailadresse:<\/p>\n\n\n\n<p><strong>info@eigbg-control.de<\/strong><\/p>\n\n\n\n<p>Wir bedanken uns ausdr\u00fccklich f\u00fcr Ihr Engagement zur weiteren Verbesserung!<\/p>\n\n\n\n<p><\/p>\n","protected":false},"excerpt":{"rendered":"<p>Grunds\u00e4tzlich ist der intensive Austausch mit unseren Anwendern eine wesentliche S\u00e4ule f\u00fcr die stetige Verbesserung und Erweiterung. Da f\u00fcr uns [&hellip;]<\/p>\n","protected":false},"author":1,"featured_media":0,"parent":0,"menu_order":0,"comment_status":"closed","ping_status":"closed","template":"","meta":{"site-sidebar-layout":"default","site-content-layout":"","ast-site-content-layout":"default","site-content-style":"default","site-sidebar-style":"default","ast-global-header-display":"","ast-banner-title-visibility":"","ast-main-header-display":"","ast-hfb-above-header-display":"","ast-hfb-below-header-display":"","ast-hfb-mobile-header-display":"","site-post-title":"","ast-breadcrumbs-content":"","ast-featured-img":"","footer-sml-layout":"","ast-disable-related-posts":"","theme-transparent-header-meta":"","adv-header-id-meta":"","stick-header-meta":"","header-above-stick-meta":"","header-main-stick-meta":"","header-below-stick-meta":"","astra-migrate-meta-layouts":"default","ast-page-background-enabled":"default","ast-page-background-meta":{"desktop":{"background-color":"var(--ast-global-color-5)","background-image":"","background-repeat":"repeat","background-position":"center center","background-size":"auto","background-attachment":"scroll","background-type":"","background-media":"","overlay-type":"","overlay-color":"","overlay-opacity":"","overlay-gradient":""},"tablet":{"background-color":"","background-image":"","background-repeat":"repeat","background-position":"center center","background-size":"auto","background-attachment":"scroll","background-type":"","background-media":"","overlay-type":"","overlay-color":"","overlay-opacity":"","overlay-gradient":""},"mobile":{"background-color":"","background-image":"","background-repeat":"repeat","background-position":"center center","background-size":"auto","background-attachment":"scroll","background-type":"","background-media":"","overlay-type":"","overlay-color":"","overlay-opacity":"","overlay-gradient":""}},"ast-content-background-meta":{"desktop":{"background-color":"var(--ast-global-color-4)","background-image":"","background-repeat":"repeat","background-position":"center center","background-size":"auto","background-attachment":"scroll","background-type":"","background-media":"","overlay-type":"","overlay-color":"","overlay-opacity":"","overlay-gradient":""},"tablet":{"background-color":"var(--ast-global-color-4)","background-image":"","background-repeat":"repeat","background-position":"center center","background-size":"auto","background-attachment":"scroll","background-type":"","background-media":"","overlay-type":"","overlay-color":"","overlay-opacity":"","overlay-gradient":""},"mobile":{"background-color":"var(--ast-global-color-4)","background-image":"","background-repeat":"repeat","background-position":"center center","background-size":"auto","background-attachment":"scroll","background-type":"","background-media":"","overlay-type":"","overlay-color":"","overlay-opacity":"","overlay-gradient":""}},"footnotes":""},"class_list":["post-174","page","type-page","status-publish","hentry"],"_links":{"self":[{"href":"https:\/\/eigbg-control.de\/index.php?rest_route=\/wp\/v2\/pages\/174","targetHints":{"allow":["GET"]}}],"collection":[{"href":"https:\/\/eigbg-control.de\/index.php?rest_route=\/wp\/v2\/pages"}],"about":[{"href":"https:\/\/eigbg-control.de\/index.php?rest_route=\/wp\/v2\/types\/page"}],"author":[{"embeddable":true,"href":"https:\/\/eigbg-control.de\/index.php?rest_route=\/wp\/v2\/users\/1"}],"replies":[{"embeddable":true,"href":"https:\/\/eigbg-control.de\/index.php?rest_route=%2Fwp%2Fv2%2Fcomments&post=174"}],"version-history":[{"count":5,"href":"https:\/\/eigbg-control.de\/index.php?rest_route=\/wp\/v2\/pages\/174\/revisions"}],"predecessor-version":[{"id":427,"href":"https:\/\/eigbg-control.de\/index.php?rest_route=\/wp\/v2\/pages\/174\/revisions\/427"}],"wp:attachment":[{"href":"https:\/\/eigbg-control.de\/index.php?rest_route=%2Fwp%2Fv2%2Fmedia&parent=174"}],"curies":[{"name":"wp","href":"https:\/\/api.w.org\/{rel}","templated":true}]}}